{"id":257,"date":"2020-03-01T00:20:55","date_gmt":"2020-02-29T22:20:55","guid":{"rendered":"http:\/\/www.pinostrano.it\/lirichecanzoni\/?page_id=257"},"modified":"2020-03-17T16:13:16","modified_gmt":"2020-03-17T14:13:16","slug":"note-sulladattamento-e-trascrizione-musicale-di-%d0%bb%d0%b8%d1%80%d0%b8%d1%87%d0%b5%d1%81%d0%ba%d0%b0%d1%8f-la-foresta-incantata","status":"publish","type":"page","link":"https:\/\/www.pinostrano.it\/lirichecanzoni\/pagine-e-pagine\/note-sulladattamento-e-trascrizione-musicale-di-%d0%bb%d0%b8%d1%80%d0%b8%d1%87%d0%b5%d1%81%d0%ba%d0%b0%d1%8f-la-foresta-incantata\/","title":{"rendered":"Note sull&#8217;adattamento e trascrizione musicale di &#8220;\u041b\u0438\u0440\u0438\u0447\u0435\u0441\u043a\u0430\u044f&#8221;. (&#8220;La foresta incantata&#8221;)"},"content":{"rendered":"\n<figure class=\"wp-block-image size-large\"><img data-recalc-dims=\"1\" decoding=\"async\" width=\"525\" height=\"743\" loading=\"lazy\" src=\"https:\/\/i0.wp.com\/www.pinostrano.it\/lirichecanzoni\/wp-content\/uploads\/2020\/02\/Laforestaspartitofinale-1.png?resize=525%2C743&#038;ssl=1\" alt=\"\" class=\"wp-image-267\" srcset=\"https:\/\/i0.wp.com\/www.pinostrano.it\/lirichecanzoni\/wp-content\/uploads\/2020\/02\/Laforestaspartitofinale-1.png?resize=724%2C1024&amp;ssl=1 724w, https:\/\/i0.wp.com\/www.pinostrano.it\/lirichecanzoni\/wp-content\/uploads\/2020\/02\/Laforestaspartitofinale-1.png?resize=212%2C300&amp;ssl=1 212w, https:\/\/i0.wp.com\/www.pinostrano.it\/lirichecanzoni\/wp-content\/uploads\/2020\/02\/Laforestaspartitofinale-1.png?resize=768%2C1086&amp;ssl=1 768w, https:\/\/i0.wp.com\/www.pinostrano.it\/lirichecanzoni\/wp-content\/uploads\/2020\/02\/Laforestaspartitofinale-1.png?resize=1087%2C1536&amp;ssl=1 1087w, https:\/\/i0.wp.com\/www.pinostrano.it\/lirichecanzoni\/wp-content\/uploads\/2020\/02\/Laforestaspartitofinale-1.png?resize=1449%2C2048&amp;ssl=1 1449w, https:\/\/i0.wp.com\/www.pinostrano.it\/lirichecanzoni\/wp-content\/uploads\/2020\/02\/Laforestaspartitofinale-1.png?w=1575&amp;ssl=1 1575w\" sizes=\"auto, (max-width: 525px) 100vw, 525px\" \/><\/figure>\n\n\n<p>Quella che vedete sopra \u00e8 la prima pagina della mia trascrizione di Liricheskaja. Se volete potete scaricare il pdf completo da questo <a href=\"https:\/\/www.pinostrano.it\/lirichecanzoni\/wp-content\/uploads\/2020\/02\/Laforestaspartitofinale.pdf\">link<\/a>. Dico la &#8216;mia&#8217; trascrizione, perch\u00e8 quando ho cominciato a pensare di tradurre questa canzone, naturalmente la prima cosa che ho fatto \u00e8 cercare lo spartito originale. E naturalmente era impossibile da trovare in Italia, e anche in rete ho trovato solo i soliti testi con accordi per chitarra, del tutto inadeguati a uno &#8220;studio&#8221; diciamo serio. Poi ho trovato anche uno spartito musicale, che descriveva per\u00f2 solo le prime due strofe, di 6 che costituiscono la canzone. Con l&#8217;assunto implicito che le altre 4 strofe seguissero l&#8217;andamento delle prime due. Ma non \u00e8 proprio cos\u00ec.<\/p>\n<p>I versi infatti hanno una metrica non proprio sovrapponibile ai successivi, e bisognava adattare la partitura musicale dei primi due versi alla diversa metrica e ritmica degli altri quattro, per altro a loro volta diversi fra loro.<\/p>\n<p>Inoltre bench\u00e8 la linea melodica fosse chiaramente riconoscibile, era allo stesso tempo parecchio diversa da come Vysotskij la cantava, almeno nella <a href=\"https:\/\/www.youtube.com\/watch?list=RDOJNfV_RrUi4&amp;v=OJNfV_RrUi4\">versione che a me \u00e8 piaciuta di pi\u00f9.<\/a> A tratti quella trascrizione era veramente banale e decisamente insoddisfacente come guida per tentare una traduzione che fosse il pi\u00f9 possibile fedele delle pause e delle cadenze del linguaggio russo.<br>Questa di seguito \u00e8 la prima pagina dello spartito trovato in rete.<\/p>\n\n\n<figure class=\"wp-block-image size-large\"><img decoding=\"async\" width=\"2977\" height=\"4208\" loading=\"lazy\" src=\"https:\/\/i2.wp.com\/www.pinostrano.it\/lirichecanzoni\/wp-content\/uploads\/2020\/02\/ORIGINALElirichiskaja_acc__melodia-1.png?fit=525%2C743\" alt=\"\" class=\"wp-image-275\" srcset=\"https:\/\/i0.wp.com\/www.pinostrano.it\/lirichecanzoni\/wp-content\/uploads\/2020\/02\/ORIGINALElirichiskaja_acc__melodia-1.png?w=2977&amp;ssl=1 2977w, https:\/\/i0.wp.com\/www.pinostrano.it\/lirichecanzoni\/wp-content\/uploads\/2020\/02\/ORIGINALElirichiskaja_acc__melodia-1.png?resize=212%2C300&amp;ssl=1 212w, https:\/\/i0.wp.com\/www.pinostrano.it\/lirichecanzoni\/wp-content\/uploads\/2020\/02\/ORIGINALElirichiskaja_acc__melodia-1.png?resize=724%2C1024&amp;ssl=1 724w, https:\/\/i0.wp.com\/www.pinostrano.it\/lirichecanzoni\/wp-content\/uploads\/2020\/02\/ORIGINALElirichiskaja_acc__melodia-1.png?resize=768%2C1086&amp;ssl=1 768w, https:\/\/i0.wp.com\/www.pinostrano.it\/lirichecanzoni\/wp-content\/uploads\/2020\/02\/ORIGINALElirichiskaja_acc__melodia-1.png?resize=1087%2C1536&amp;ssl=1 1087w, https:\/\/i0.wp.com\/www.pinostrano.it\/lirichecanzoni\/wp-content\/uploads\/2020\/02\/ORIGINALElirichiskaja_acc__melodia-1.png?resize=1449%2C2048&amp;ssl=1 1449w, https:\/\/i0.wp.com\/www.pinostrano.it\/lirichecanzoni\/wp-content\/uploads\/2020\/02\/ORIGINALElirichiskaja_acc__melodia-1.png?w=1575&amp;ssl=1 1575w\" sizes=\"auto, (max-width: 767px) 89vw, (max-width: 1000px) 54vw, (max-width: 1071px) 543px, 580px\" \/><\/figure>\n\n\n<p>Cos\u00ec, ho preso il coraggio a due mani e bench\u00e8 non sia un musicista professionista e conosca superficialmente la teoria musicale, ho ascoltato e riascoltato decine e decine di volte la versione cantata da Vysotskij e ne ho tentato una trascrizione che fosse la pi\u00f9 simile possibile a quella cantata. Il risultato lo trovate nel file citato. L&#8217;accompagnamente \u00e8 elementare e sostanzialmente lo stesso dello spartito recuperato in rete, ma la linea melodica \u00e8, credo, significativamente migliore, soprattutto per quanto riguarda le strofe successive.<br \/>Le notazioni metriche che trovate, un poco strane anche con la virgola (ad esempio l&#8217;iniziale 97,6) sono dovute al tentativo di riprodurre in maniera pi\u00f9 precisa possibile la versione cantata da Vysotskij.<br \/>La trascrizione \u00e8 in La minore, ma io la canto in Mi minore. Spero di pubblicare presto un video decente anche di questo.<\/p>\n<p>Aggiungo che per fare questo lavoro ho usato <a href=\"https:\/\/musescore.org\/it\/download\">MuseScore3<\/a>, un bellissimo programma opensource e gratuito, alla cui pletora di autori e contribuitori va la mia riconoscenza e rispetto.<\/p>\n<p>Se siete interessati posso fornirvi i file in formato .mscz, di Musescore e provare a cimentarvi con quel programma in rielaborazioni e arrangiamenti.<\/p>\n\n\n<div class=\"wp-block-file\"><a href=\"https:\/\/www.pinostrano.it\/lirichecanzoni\/wp-content\/uploads\/2020\/02\/Laforestaspartitofinale.pdf\">La foresta incantata (partitura)<\/a><a href=\"https:\/\/www.pinostrano.it\/lirichecanzoni\/wp-content\/uploads\/2020\/02\/Laforestaspartitofinale.pdf\" class=\"wp-block-file__button\" download>Download<\/a><\/div>\n\n\n\n<p><\/p>\n<div class=\"fcbkbttn_buttons_block\" id=\"fcbkbttn_left\"><div class=\"fcbkbttn_like \"><fb:like href=\"https:\/\/www.pinostrano.it\/lirichecanzoni\/pagine-e-pagine\/note-sulladattamento-e-trascrizione-musicale-di-%d0%bb%d0%b8%d1%80%d0%b8%d1%87%d0%b5%d1%81%d0%ba%d0%b0%d1%8f-la-foresta-incantata\/\" action=\"like\" colorscheme=\"light\" layout=\"standard\"  width=\"225px\" size=\"small\"><\/fb:like><\/div><div class=\"fb-share-button  \" data-href=\"https:\/\/www.pinostrano.it\/lirichecanzoni\/pagine-e-pagine\/note-sulladattamento-e-trascrizione-musicale-di-%d0%bb%d0%b8%d1%80%d0%b8%d1%87%d0%b5%d1%81%d0%ba%d0%b0%d1%8f-la-foresta-incantata\/\" data-type=\"icon_link\" data-size=\"small\"><\/div><\/div>","protected":false},"excerpt":{"rendered":"<p>Quella che vedete sopra \u00e8 la prima pagina della mia trascrizione di Liricheskaja. Se volete potete scaricare il pdf completo da questo link. Dico la &#8216;mia&#8217; trascrizione, perch\u00e8 quando ho cominciato a pensare di tradurre questa canzone, naturalmente la prima cosa che ho fatto \u00e8 cercare lo spartito originale. E naturalmente era impossibile da trovare &hellip; <\/p>\n<p class=\"link-more\"><a href=\"https:\/\/www.pinostrano.it\/lirichecanzoni\/pagine-e-pagine\/note-sulladattamento-e-trascrizione-musicale-di-%d0%bb%d0%b8%d1%80%d0%b8%d1%87%d0%b5%d1%81%d0%ba%d0%b0%d1%8f-la-foresta-incantata\/\" class=\"more-link\">Leggi tutto<span class=\"screen-reader-text\"> &#8220;Note sull&#8217;adattamento e trascrizione musicale di &#8220;\u041b\u0438\u0440\u0438\u0447\u0435\u0441\u043a\u0430\u044f&#8221;. (&#8220;La foresta incantata&#8221;)&#8221;<\/span><\/a><\/p>\n","protected":false},"author":1,"featured_media":0,"parent":204,"menu_order":0,"comment_status":"closed","ping_status":"closed","template":"","meta":{"nf_dc_page":"","jetpack_post_was_ever_published":false,"footnotes":""},"class_list":["post-257","page","type-page","status-publish","hentry"],"jetpack_sharing_enabled":true,"jetpack_shortlink":"https:\/\/wp.me\/Pa5jLB-49","jetpack_likes_enabled":true,"_links":{"self":[{"href":"https:\/\/www.pinostrano.it\/lirichecanzoni\/wp-json\/wp\/v2\/pages\/257","targetHints":{"allow":["GET"]}}],"collection":[{"href":"https:\/\/www.pinostrano.it\/lirichecanzoni\/wp-json\/wp\/v2\/pages"}],"about":[{"href":"https:\/\/www.pinostrano.it\/lirichecanzoni\/wp-json\/wp\/v2\/types\/page"}],"author":[{"embeddable":true,"href":"https:\/\/www.pinostrano.it\/lirichecanzoni\/wp-json\/wp\/v2\/users\/1"}],"replies":[{"embeddable":true,"href":"https:\/\/www.pinostrano.it\/lirichecanzoni\/wp-json\/wp\/v2\/comments?post=257"}],"version-history":[{"count":11,"href":"https:\/\/www.pinostrano.it\/lirichecanzoni\/wp-json\/wp\/v2\/pages\/257\/revisions"}],"predecessor-version":[{"id":376,"href":"https:\/\/www.pinostrano.it\/lirichecanzoni\/wp-json\/wp\/v2\/pages\/257\/revisions\/376"}],"up":[{"embeddable":true,"href":"https:\/\/www.pinostrano.it\/lirichecanzoni\/wp-json\/wp\/v2\/pages\/204"}],"wp:attachment":[{"href":"https:\/\/www.pinostrano.it\/lirichecanzoni\/wp-json\/wp\/v2\/media?parent=257"}],"curies":[{"name":"wp","href":"https:\/\/api.w.org\/{rel}","templated":true}]}}